)/(-1) - (-3)/h. Let t = a - 2. What are the prime factors of t?
3, 7
Let o = -25376 + 51087. What are the prime factors of o?
7, 3673
Let i(q) = 2*q**2 - 17*q + 6. Let j be i(7). Let n(z) = -27*z - 17. What are the prime factors of n(j)?
2, 97
Suppose 3*r = -5*h - 21 + 104, 5*h - 2*r - 103 = 0. Suppose 0 = 5*o - 5, h*o - 17*o = -m + 503. What are the prime factors of m?
3, 167
Let d = -303 - -324. Let m(q) = 2*q**3 - 43*q**2 + 24*q - 6. What are the prime factors of m(d)?
3, 19
Let n be (14 + (-7 - 2))*(-1 + -30). Let m = -9 - n. What are the prime factors of m?
2, 73
What are the prime factors of 26856*(-198)/132*(-8)/18?
2, 3, 373
Let i = -413 - -417. Suppose 3*d = -i*z + 875, 3*d - 4*d + 297 = -4*z. List the prime factors of d.
293
Suppose 5*a = g - 2 + 167, -4*g - 52 = -a. Let m be 2/4 + (-322)/28. List the prime factors of (m/2)/((4/a)/(-1)).
2, 11
Suppose -4*m - 79 = 81. Let a = 48 + m. Suppose -5*n + 642 = 2*c, -4*c = -n - a*c + 114. List the prime factors of n.
2, 5, 13
Suppose -2*x + 2*n + 59700 = 0, n - 17413 = -2*x + 42302. List the prime factors of x.
5, 7, 853
Let i(c) = c**2 - 91*c + 347. Let z be i(4). Let b = -4 - -3. What are the prime factors of 4/z - 52/b?
2, 3
Suppose 20*s - 516 - 17167 = 817. List the prime factors of s.
5, 37
Let n be -63 + (2 + -6)/(-2 + 4). Let r = 68 + n. Suppose -r*o - 2*z + 77 = -0*z, 2*o = -2*z + 48. What are the prime factors of o?
29
Let w(k) = 5*k**2 - 13*k + 9. Let v be w(3). List the prime factors of v*(16 + -3)*1.
3, 5, 13
List the prime factors of -9 - (7 - 1) - -1783.
2, 13, 17
Let s(a) = 31*a**2 - 4*a - 24. Suppose -9*o + 1 = -35. List the prime factors of s(o).
2, 3, 19
Suppose 4*o = 5*b - 5151, -b + 3*o + 634 + 405 = 0. Let r be (12/(-104))/(-3)*2 - 2/26. Suppose r = -20*c + 7*c + b. List the prime factors of c.
79
Let u = -93 + 183. What are the prime factors of (28/3)/(u/2565)?
2, 7, 19
Let y(q) = -q**2 + 14*q - 21. Let d be y(12). Suppose -4*v = 5*n + 179, n - d*n + 4*v - 94 = 0. Let u = 193 + n. What are the prime factors of u?
2, 7, 11
Suppose 5*g - 10 + 0 = -2*p, 2*p = 4*g + 10. Suppose -9*a = -g*a - 5454. List the prime factors of a.
2, 3, 101
Let z(i) = 24*i + 5. Let b be z(4). Let s = -49 - -3. Let q = b + s. What are the prime factors of q?
5, 11
Suppose -3*o - 23 + 5 = 0. Let a be (9/(108/8))/((-4)/o). What are the prime factors of (3 - a - -10) + 0 + -1?
11
Suppose -3*v - 71 + 35 = 0. List the prime factors of 10/120*-2 - 5474/v.
2, 3, 19
Let w(i) = -i**3 + 13*i**2 - 14*i + 33. Let o be -2 + 18*10/15. Let c be w(o). Suppose m - 234 = -5*q - 0*q, 5*m = 4*q - c. List the prime factors of q.
47
Let i = 91 + -16. Suppose -4 = -5*t - 179. Let q = i + t. List the prime factors of q.
2, 5
Let f = 49652 - 31016. List the prime factors of f.
2, 3, 1553
Let a(h) be the first derivative of 11*h**3/3 + 25*h**2/2 + 88*h - 9. List the prime factors of a(-6).
2, 167
Let x(r) = -248*r**2 + 13*r + 1. Let a(u) = -83*u**2 + 4*u. Let g(h) = 7*a(h) - 2*x(h). Let k be g(1). Let z = k + 131. List the prime factors of z.
2, 23
Let d = -216 + 197. Let z(c) = -c**2 - 34*c + 40. List the prime factors of z(d).
5, 13
Let k be -6*20/(-15) + -3. Suppose -o + 24 = k*o. Suppose -o*x + 222 = -110. List the prime factors of x.
83
Suppose 5*k - 4*i - 150 = i, 5*i = k - 42. Suppose 5*t - 196 = -j, -k*j + 980 = -22*j + t. List the prime factors of j.
2, 7
What are the prime factors of 3*19386/8 - 125/(-100)?
11, 661
Suppose 0 = r - 2*z - 948, 2*r - 1864 = -32*z + 28*z. What are the prime factors of r?
2, 5, 47
Let w(s) = -518*s**3 - 123*s**2 - 612*s - 9. List the prime factors of w(-5).
2, 32363
Let j(s) = 7*s + 9*s + 9 + 0*s. Suppose 0 = -30*r + 13*r + 102. What are the prime factors of j(r)?
3, 5, 7
Let i(z) = 31*z - 46. Let p be i(14). Let a = 906 - p. List the prime factors of a.
2, 7, 37
Let x = 77761 + -53102. What are the prime factors of x?
24659
Let a(g) = 12*g - 45. Let n be a(5). Suppose -100 = -4*r - 0*f + 4*f, r - 3*f - n = 0. What are the prime factors of r?
2, 3, 5
Let o = 742 - 734. Suppose 6*z + 4081 = 5*g + 4*z, 0 = 4*z - o. What are the prime factors of g?
19, 43
Let r(z) = 1 + 8*z**2 + 4 + z**2. Let p = 2878 - 2874. List the prime factors of r(p).
149
What are the prime factors of ((-160)/35 - -2)/(559/56 + -10)?
2, 3
Suppose -36*z + 32 = -20*z. Suppose 4*j + 98 = z*p + j, 0 = -3*p - j + 169. List the prime factors of p.
5, 11
Let d(k) = -4*k + 8. Let n be d(3). What are the prime factors of -14*(n + 93/(-6) + 4)?
7, 31
Suppose 25*h - 75*h = -111500. List the prime factors of h.
2, 5, 223
Suppose 4*i = 4*v + 8, 0 = -0*v + 4*v - 5*i + 3. Let z(r) = 5*r**2 + r - 23. What are the prime factors of z(v)?
5, 43
Let y = 20867 + -8747. List the prime factors of y.
2, 3, 5, 101
Let k = -28058 - -31729. List the prime factors of k.
3671
Let o(t) = -2*t**2 - 6*t + 13. Let s(h) = -7*h**2 - 23*h + 53. Let q(n) = -22*o(n) + 6*s(n). What are the prime factors of q(11)?
2, 13
Suppose -5*h - 66 = -m, 6*h = -5*m + h + 330. What are the prime factors of ((-176)/m)/((-2)/90)?
2, 3, 5
Let l(f) = -f**2 + 13*f - 38. Let x be l(8). Suppose 2978 = x*v + 2*s, -3*s = 2*v - 4*s - 2993. List the prime factors of v.
2, 3, 83
Let o(t) = 36*t + 89. Let q(g) = 54*g + 133. Let y(p) = 8*o(p) - 5*q(p). List the prime factors of y(19).
389
Let u = 37223 - 33510. List the prime factors of u.
47, 79
Let y be 2*-5*3/(-6). Suppose y*j - 1 = -r + 4, -3*j + 21 = -3*r. Suppose -2*q + 514 = 2*s, -767 = -3*s - j*q - 0*q. List the prime factors of s.
11, 23
Suppose -881*x + 913*x = 261920. List the prime factors of x.
5, 1637
Suppose 0 = 46*m - 42*m. Suppose 5*r + 4 + 6 = m. List the prime factors of (-1 + r)*(-19)/3.
19
Let y(b) be the first derivative of -7*b**3/3 + 11*b**2/2 - 4*b - 14. Let n be y(2). List the prime factors of 522/2*(40/(-12))/n.
3, 29
Let v(g) = 7*g - 10. Suppose 22 = 2*j - 4*b - 0*b, 0 = j - 3*b - 15. Let q be v(j). Suppose o - 4 = q. What are the prime factors of o?
3, 5
Let b(r) = 6574 + r**2 - 19711 + 6567 + 9*r + 6566. Suppose 0 = 2*t + 3*t + 65. List the prime factors of b(t).
2, 3
Let g = 28 - -3. Suppose 0 = 28*u - g*u + 720. Suppose 0 = 4*l - y - u, -3*l = -y + 98 - 278. List the prime factors of l.
2, 3, 5
Let i be 213*(-3 - (-16)/6). Let f = i + 81. Suppose 8*m = f*m - 160. What are the prime factors of m?
2, 5
Let t = -72 - -75. Suppose -t*x + 88 = -5*m, -x - 2*m = 4*x - 188. Let o = 86 - x. What are the prime factors of o?
2, 5
Let p be (-3)/9 - -91*133/21. Let r = p - -55. What are the prime factors of r?
631
Suppose -5*a - 4*q = -18877, -4*a - 3*q + 8577 + 6524 = 0. List the prime factors of a.
7, 11
Suppose 4*x = -h + 26766, -58*h = -57*h + 5*x - 26768. What are the prime factors of h?
2, 17, 787
Let m(q) be the first derivative of -8*q**3/3 - 37*q**2/2 - 3*q + 15. Let b(j) be the first derivative of m(j). What are the prime factors of b(-9)?
107
Let m(u) = u**2 + 11*u + 28. Let q be m(-7). What are the prime factors of 254 + (q - (-5 - -7))?
2, 3, 7
Let o = 150 + -150. Suppose w - 2*t - 584 = o, 3762 = 4*w + 4*t + 1474. List the prime factors of w.
2, 3
Suppose 2*w - 11 - 11 = -z, 155 = 5*z + w. Suppose 3177 = -z*u + 41*u. What are the prime factors of u?
353
Let i(m) = -m**2 - 12*m + 19. Let b be i(-13). Suppose -1 = 5*s - 3*x - 10, -s - 2*x = b. Suppose 2 = -3*k - 1, s = 2*v - 4*k - 26. List the prime factors of v.
11
Let p(d) = 8*d**2 + 5*d + 34. What are the prime factors of p(15)?
23, 83
Let o(d) be the first derivative of -d**3/3 - 3*d**2 - 3*d - 8. Let b be o(-6). What are the prime factors of (16 - b/(-1))/1?
13
Suppose 4*n - 1150 = -4*q + 418, 5*q = -2*n + 1966. List the prime factors of q.
2, 197
Suppose -x = 6*x - 7. Let z be 0 + (-3 - (x + -629 + 4)). Let b = z + -440. List the prime factors of b.
181
Let s(d) = 1657*d + 4561. List the prime factors of s(41).
2, 3, 43, 281
Let y = 495 - 407. Let l = y + 355. What are the prime factors of l?
443
Suppose -3*j = -3739 - 142457. List the prime factors of j.
2, 3, 31, 131
Suppose -2*w - 2*w = -z + 840, -3*w + 2*z - 630 = 0. Let f = w - -92. Let j = -107 - f. What are the prime factors of j?
11
Suppose -4*y - a + 21 = 0, 2*y - 8*a = -6*a + 18. Let g be (1 - 158)/(21/y + -4). Suppose -2*t + 4*u + 148 = -u, u = 4*t - g. What are the prime fac